64. What are the prime factors of w?
2, 3, 5
Suppose 3*x - 3*o = 675, -5*x + 0*o - 3*o = -1093. Suppose -3*s = -k - x, -k - 12 = -4*k. List the prime factors of s.
3, 5
Let t = 22 + -22. Let o be (-1 - t)*(-5 - 0). Suppose -2*r + 54 = 2*f, 102 = o*f - f + 2*r. What are the prime factors of f?
2, 3
Suppose 17*y = 2343 + 13008. List the prime factors of y.
3, 7, 43
Let s = 1 - -3. Let b = -102 - -104. Suppose -s - b = -w. What are the prime factors of w?
2, 3
Suppose -3*l = w + 2*l + 8, 0 = 4*w + 5*l + 2. List the prime factors of (-1)/w - (-199)/2.
3, 11
Let l(q) = -198*q + 2. Let u be l(-2). Let i(c) = 14*c + 20*c - u + 400. What are the prime factors of i(2)?
2, 5, 7
Let z(k) = k**2 + 5*k - 25. Let r(h) = -h**2 + 6*h - 4. Let b be r(7). List the prime factors of z(b).
41
Let q(t) = 37 - 17 + 3*t + 45. List the prime factors of q(14).
107
Let j be 3/(-6)*(-4 - 704). Suppose -96 = -6*s + j. What are the prime factors of s?
3, 5
Let w(a) = -a**3 + 14*a**2 - 26*a - 5. Let f(r) = -r**2 - 12*r - 9. Let h be f(-10). List the prime factors of w(h).
2, 3
Let j(x) = -x**2 + 7*x + 6. Let s be j(8). Let y be (-6 - s)/12*-15. Suppose y*w - 4*h = 65, 17 - 48 = -3*w + 4*h. List the prime factors of w.
17
Suppose -95 = -4*x - 39. Suppose -8*z - 378 = -x*z. What are the prime factors of z?
3, 7
Let w be 6/10 - 42/(-30). Suppose -w = g - 7. Suppose 0*o - 3*n - 99 = -3*o, -n + 189 = g*o. List the prime factors of o.
37
Suppose 0 = 3*r - 4*r + 2*z + 11, -3*r - z - 2 = 0. Let v(q) = 13568*q - 13566*q + 12*q**2 - 11*q**2 + 29*q**2 - 1. What are the prime factors of v(r)?
31
Let k = -46 + 48. Suppose 32 = k*q - 78. What are the prime factors of q?
5, 11
Suppose 40*p - 50 = 30*p. What are the prime factors of p?
5
Let p = 1658 + 282. List the prime factors of p.
2, 5, 97
What are the prime factors of (22/10)/(28/22820)?
11, 163
Let x(j) = -18*j**2 - 376*j + 46. What are the prime factors of x(-20)?
2, 3, 61
Suppose 8*y - 13*y + 35 = 0. Suppose -y*t + 100 + 243 = 0. What are the prime factors of t?
7
Let n = 1921 - -1999. What are the prime factors of n?
2, 5, 7
Let t(c) = -33*c**3 - 51*c**3 - 22*c**2 + 21*c**2 + c + 1. List the prime factors of t(-1).
83
Let t(c) be the second derivative of c**4/4 - c**3/3 - c**2/2 + c. Suppose 0 = -5*n + 3*b - 5, 4*b - 3 = 3*n + 3*b. List the prime factors of t(n).
2
Suppose -2*f = l - 9 - 2, 4*f + l = 17. Let v(w) = -w**f + 16*w**2 - 6*w - 6*w**2 + 0*w - 12. List the prime factors of v(9).
3, 5
Let p = 2783 - 1066. What are the prime factors of p?
17, 101
Suppose -980 = -4*z + 5*r, -4*z + 174 = -2*r - 806. What are the prime factors of z?
5, 7
Let k(r) = -2*r + 3. Let q be k(0). Suppose 3*f + 4 = c, 3*c + q*f + 0*f - 36 = 0. Suppose b + 4 = c. What are the prime factors of b?
2, 3
Let w = 7515 + -4877. What are the prime factors of w?
2, 1319
Suppose 2*b = 3*z - 70 - 20, -2*z - 4*b = -44. Let g = z + -24. What are the prime factors of (32 - g/1)*2?
2, 7
Let u = -5 - -10. Let h = u + -10. List the prime factors of (-4)/h*(-140)/(-8).
2, 7
Let s(z) = z**3 + 16*z**2 + 10*z - 24. What are the prime factors of s(-13)?
353
Suppose 3*n - 2*o = 10, 0*n + n = -o. Suppose -8 - n = -5*a. Suppose 0 = 5*r + a*c - 223, 5*c + 11 + 12 = r. What are the prime factors of r?
43
Suppose -5*o - 292 = -w, -4*w + 3*o = -0*w - 1253. What are the prime factors of w?
317
Let t = -66 - -68. Suppose 6 = n + t*a - 3*a, 2*a + 9 = n. List the prime factors of n.
3
Suppose -9*j + j = -56. Suppose 0 = j*q - 53 - 234. What are the prime factors of q?
41
Let j(u) = -287*u**3 - 12*u**2 - 11*u + 1. What are the prime factors of j(-1)?
7, 41
Suppose -3*d + 108 = d. Suppose 3*t = -3*c + d, 0 = -5*t + c - 15 + 72. Let s = t - -3. What are the prime factors of s?
2, 7
What are the prime factors of (19/((-95)/216))/((-6)/20)?
2, 3
Let y be (-2)/7*(-11 - -4). Suppose -3*g + 3*n + 7 = 2*n, -y*g = 4*n. What are the prime factors of 5/2 + 1/g?
3
Suppose -29*r + 546 = -15*r. What are the prime factors of r?
3, 13
Let q(i) = -3*i**3 - 3*i**2 + 3*i - 1. Let g be q(-3). Suppose -8*s - 2 = -234. Let t = g - s. List the prime factors of t.
3, 5
Let r be (-692)/(-16) + 2 + 10/(-8). List the prime factors of 87/2 - (-22)/r.
2, 11
Suppose -4*l = -9*l - 65. Let t(m) = m**2 + 12*m + 5. Let c be t(l). What are the prime factors of (2*7)/(9/c)?
2, 7
Let l = -1719 - -2901. List the prime factors of l.
2, 3, 197
Suppose 5*i = 3*y - 2*y - 90, -4*i - 2*y = 86. Let o = 28 + i. List the prime factors of o.
3
Let u = -3 - -8. Let t = u + -1. Suppose t*m - 27 = m. List the prime factors of m.
3
Let k(o) = 3*o**3 - o**3 - 8*o**2 - 10*o**2 + 10*o**2 + 10*o + 11. What are the prime factors of k(5)?
3, 37
Let i(w) = 2*w**3 - 9*w**2 - 5*w + 9. Suppose 0 = z - 5*q - 22, -2*q = 5*z + q - 26. List the prime factors of i(z).
3, 73
Let k be 67*((2 - -8) + -4). Suppose 3*f + 2*y - 153 - 252 = 0, -3*f - 3*y + k = 0. What are the prime factors of f?
137
List the prime factors of (-9)/(2809/4293 + (-4)/6).
3
Suppose -5*a - 4*k + 5569 = -7*k, 4*k - 2238 = -2*a. List the prime factors of a.
5, 223
Let z = 11 + -8. Suppose c - 68 = -d, -z*d - 3*c = 2*c - 206. List the prime factors of d.
67
Let x(w) = 28*w**2 + w - 1. Let j be x(1). Suppose -142 = -3*a - j. List the prime factors of a.
2, 19
Let y = -17 + 1. Let u be (-8)/12 + y/(-6). List the prime factors of 108/8*4 + u.
2, 7
What are the prime factors of ((-10)/(-6))/(2/246)?
5, 41
Let l be 124/(-16) + 1/(-4). Let k be l/6 - (-9)/27. List the prime factors of (k - -4)/(10/180).
2, 3
Suppose -2*n + 2*g = 342, 12*n = 7*n + g - 843. Let p = n - -322. What are the prime factors of p?
2, 7, 11
Let d(t) = 35*t**2 - 25*t + 70. List the prime factors of d(-11).
2, 5, 229
Let w = 58 - 55. Suppose 111 = w*o - 0. List the prime factors of o.
37
Let k be 3*1 + (5 - -173). Suppose 3*y - 107 - k = 0. What are the prime factors of y?
2, 3
Let b = 6 - 3. Suppose b*p = -p. Suppose 14 = -p*c + c. What are the prime factors of c?
2, 7
Suppose 0 = 3*v + 9*v + 288. Let u(n) = n**2 + 25*n + 28. What are the prime factors of u(v)?
2
Let g(o) = o**2 + 5*o + 1. Let y(k) be the third derivative of k**4/24 - 2*k**3 + 7*k**2. Let a be y(4). What are the prime factors of g(a)?
5
List the prime factors of 4779/(-9)*3*(-2)/9.
2, 3, 59
Suppose -6*q = -2*r - 10*q + 5806, 3*r - q - 8723 = 0. What are the prime factors of r?
3, 17, 19
Let n be (-2)/4*(-1 - -55). Suppose 5*k = -80 - 20. What are the prime factors of k*(n/(-12) - 3)?
3, 5
Suppose 81225 = 37*a - 57599. List the prime factors of a.
2, 7, 67
Suppose -61 = -d - 168. Let v = 166 + d. List the prime factors of v.
59
Let h(k) = -3*k - 9. Let t = -9 - -4. Let v be h(t). Suppose -3*d + v*d = 54. What are the prime factors of d?
2, 3
Let b = -112 - -64. Let g = 27 - b. List the prime factors of g.
3, 5
Suppose 8*b = -12 - 4. What are the prime factors of b/(-1 + 3)*(6 - 64)?
2, 29
Suppose -4*n - 4*l + 852 = -5*l, n + l = 213. Suppose 2*u - 2*j = 238, -u = u + 3*j - n. Let p = u - 66. What are the prime factors of p?
2, 3
Let z(f) = 3 + 0 + 31*f - 7*f. What are the prime factors of z(10)?
3
Suppose 4*v = 16, t - 3*v = -6 - 30. Let f be t*(-6)/9*-6. Let h = f - -137. List the prime factors of h.
41
Suppose 0 = l - 5*l + 8. Suppose 0 = c - x - l, 2*c + 2*x - 7 = 1. What are the prime factors of c?
3
Suppose 3624 = v + 3*v + 4*n, -2*n - 1820 = -2*v. What are the prime factors of v?
2, 227
Suppose 12*j = 6840 + 11556. List the prime factors of j.
3, 7, 73
Let f = 201 + -140. Suppose 0 = 3*i - 7*i + 420. Let o = i - f. What are the prime factors of o?
2, 11
Let y(k) = -k**3 - 2*k**2 + 10*k - 2. Let w be y(-8). Suppose -4*g + w = 3*p, 3*p - g - 243 = 49. What are the prime factors of p?
2, 7
List the prime factors of 1*(-1 + 1 - -124) - 1.
3, 41
Let s be (-52)/8*5*2. Let h = s + 106. Let o = h + -23. List the prime factors of o.
2, 3
Let u(w) = 0*w**2 + w**2 + 0*w**3 + 13 - w + 16 + w**3. Suppose -5*f = -4*f. What are the prime factors of u(f)?
29
Let d be -7*(-2 - 2)/(-4). Let r be ((-5)/d)/((-18)/(-126)). Suppose y + 2*u = 40, 0*y - y + 25 = r*u. List the prime factors of y.
2, 5
Suppose 27*d = -9065 + 23780. What are the prime factors of d?
5, 109
List the prime factors of 308*340/800 + (-2)/(-20).
131
List the prime factors of (827 + 28/